f s and 11?
11
Suppose -5 = r - 15. Suppose 5*k = 4*o - r, o + k + 1 = 4*k. Suppose -o*f = 1 - 6. Calculate the greatest common factor of f and 3.
1
Suppose 44023*g - 43999*g - 240 = 0. What is the highest common factor of g and 1040?
10
Let x = -303 - -307. Suppose 0 = 3*v + y - 3 + 6, 3*v = -5*y - 3. Let d be (-5 + x)/(v/120). What is the greatest common factor of d and 15?
15
Let k = 20322 - 11103. What is the greatest common factor of 21 and k?
21
Let k be 56/(-24)*(0 - 4 - 26). Calculate the greatest common factor of k and 20.
10
Suppose 0 = -3*x + 30 + 366. Suppose 3*o - x = -4*q, -q - 4*o - 88 = -3*q. Calculate the highest common factor of q and 36.
36
Let o = 656 - 289. Let z = o - 255. Calculate the greatest common divisor of 14 and z.
14
Let u be (-1 + -3 - -10) + -2. Suppose -u*w = -20, -3*y + 52 = -0*w - w. What is the greatest common factor of 76 and y?
19
Suppose -6*a + 249 = 375. Let v(z) = z**2 + 19*z - 41. Let q be v(a). What is the greatest common divisor of 8 and q?
1
Suppose 139 = -4*m - 3*p + 723, -4*p = 10*m - 1432. What is the highest common factor of m and 945?
35
Suppose 4*l = -3*z - 0*z + 30, 0 = -4*l + 12. Suppose 39*v - g - 510 = 35*v, 0 = 3*g - z. Calculate the greatest common factor of v and 112.
16
Suppose 4*o + 3*g = -43, -4*o - 5 = g + 28. Suppose 0 = -3*x - 21 + 3. Let i = x - o. Calculate the greatest common divisor of i and 1.
1
Let p(r) = r**3 - 4*r + 1. Let t be p(3). Suppose -t + 91 = 3*y. Let u be (16/(-24) - 3/(-18))*-20. Calculate the greatest common divisor of u and y.
5
Let w(x) = 11*x**2 - 3*x - 4. Let f be w(-3). What is the highest common divisor of 1508 and f?
52
Let z = 2990 + -2585. What is the greatest common factor of z and 495?
45
Let v be (-18718)/(-6) - (74/3 + -25). What is the greatest common factor of 48 and v?
48
Suppose -7*m + 4*y - 124 = -8*m, m - 4*y - 116 = 0. Calculate the highest common factor of m and 320.
40
Let u(z) = -108*z + 2. Suppose 0 = 17*j - 12*j + 10. Let s be u(j). Suppose -10 = 2*c + 3*c, p - s = -3*c. Calculate the greatest common factor of p and 32.
32
Let i = -131 + 277. Suppose i*f - 12 = 144*f. Suppose 10 + 32 = f*k. Calculate the greatest common factor of 2 and k.
1
Let z(w) = -6*w + 135. Suppose -4*y + 50 = 3*j, 8*j - y = 3*j + 114. Let b be z(j). Suppose 3*p - 18 = -0*p. What is the highest common factor of p and b?
3
Suppose -79 + 7 = -12*f. Suppose 0 = 4*v - 2*v - 66. What is the highest common factor of f and v?
3
Suppose -883*h = -908*h + 75. Suppose -5*a = 3*g - 2*a - 21, 3*a - 31 = -5*g. Let n = 23 - g. Calculate the greatest common divisor of n and h.
3
Let u(d) = -6*d - 12. Let j be u(-13). Suppose -21*h - j = -24*h. Let o(z) = 3*z**2 + 5*z - 6. Let x be o(7). What is the greatest common factor of h and x?
22
Suppose 30687*q - 30661*q = 16302. Suppose -j = -f + 2*f - 35, -31 = -j + f. What is the highest common divisor of q and j?
33
Let l(o) = -14*o - 9*o**2 - 2*o**3 + 9 + 5*o**3 - 2*o**3. Let x be l(10). Let h = x + 40. What is the greatest common factor of h and 27?
9
Suppose -23*o - 13*o + 2150 = 7*o. Calculate the greatest common divisor of o and 110.
10
Let a be (-3 - (2 - 6))/((-1)/(-3)). Suppose -a*l + 32 = x, -5*x - 2*l = -4*l - 177. Let h = 5 + x. Calculate the greatest common divisor of h and 160.
40
Suppose 4760 - 18584 = -18*r. Calculate the greatest common factor of 72 and r.
24
Let u be -9*((-2160)/(-405))/(-3 + 0). Let o(b) = 84*b + 4. Let m be o(3). Calculate the greatest common factor of u and m.
16
Suppose -6*d = -w - 5*d + 4, 0 = -w - 4*d + 4. Suppose 4 = 2*i - w*c, 0 = -0*c - 2*c + 2. Let m = 25 + -13. Calculate the highest common divisor of i and m.
4
Let k = -59 + 70. Suppose -390 = -26*u + k*u. What is the greatest common divisor of 130 and u?
26
Suppose -67*w + 22191 + 829 - 106 = 0. What is the highest common factor of 76 and w?
38
Suppose 0 = 11*h - 11 - 99. Let u(v) = v**3 - 10*v**2 + 32. Let j be u(h). What is the highest common factor of 144 and j?
16
Let z = 86 + -83. Suppose 175 = -z*m + 3*l + 43, 0 = -2*m - l - 85. Let o = m + 106. What is the highest common divisor of o and 42?
21
Let o(a) be the second derivative of -a**3/6 + 60*a. Let h be o(-2). Calculate the greatest common factor of 34 and h.
2
Let p(u) = -26*u + 664. Let l be p(-17). What is the highest common divisor of l and 1264?
158
Let f(w) = 4*w**3 - 28*w**2 - 36*w + 117. Let t be f(16). Calculate the highest common factor of t and 7.
7
Let q(g) = 35*g - 46. Let u be q(5). Let l = u + -126. Let n(w) = w**2 - 9*w + 23. Let j be n(10). Calculate the highest common divisor of j and l.
3
Let n be 624*(-5)/(135/(-9)). What is the highest common divisor of n and 32?
16
Let j(z) = 6*z**2 - 22*z - 21. Let c be j(7). What is the highest common factor of c and 301?
7
Let t = 29 - 19. Let o = 120 - 59. Suppose 77 = 5*q + 2*v - 25, 0 = 3*q + v - o. Calculate the greatest common divisor of t and q.
10
Let y = -20 - -52. Suppose -37 = -k - y. What is the highest common factor of 160 and k?
5
Let t be 3 + (-14 - -6) - 38/(-2). Suppose j + 5*f = 95, 0*f + 5*f + 45 = j. What is the greatest common factor of t and j?
14
Let a be -6 + 1 + 2 + 4 - -371. What is the highest common factor of 651 and a?
93
Let d(h) = -h**2 + 13*h + 3. Let q = 157 + -146. Let s be d(q). What is the greatest common factor of s and 5?
5
Suppose -216*t + 1063 = 95*t - 8267. Let i be 6292/28 - (-2)/7. What is the greatest common divisor of i and t?
15
Suppose 94 = 4*y - 938. Let b = y - 221. What is the highest common factor of 111 and b?
37
Suppose -654*g + 6923824 = 1745452. Calculate the highest common divisor of g and 370.
74
Let c(t) = t**2 + 19*t - 396. Let k be c(47). What is the highest common factor of 33 and k?
33
Let x(a) = 11*a**3 - 11*a**2 + 20*a - 4. Suppose -13*b + 64 - 38 = 0. Let i be x(b). Calculate the greatest common factor of i and 130.
10
Let s(q) = q**2 - 19*q - 31. Let r(u) = -u + 1. Let j(v) = -2*r(v) - 2*s(v). Let i be j(18). What is the greatest common factor of i and 12?
12
Let a = -2329 + 2791. Suppose 3*n = 4*w + 43, -w = 4*n - 115 + 26. What is the greatest common factor of n and a?
21
Let o(c) = -c**3 - 10*c**2 - 27*c - 1128. Let j be o(-18). Calculate the greatest common divisor of j and 950.
50
Let a(m) = -4*m**3 - 2*m**2 - m - 5. Let j = 55 + -45. Suppose 0 = -83*q + 78*q - j. Let r be a(q). What is the highest common divisor of r and 7?
7
Let u = 522 - 482. Calculate the greatest common divisor of 365 and u.
5
Suppose -43*d - 8736 = -99*d. Calculate the greatest common divisor of d and 4602.
78
Let v(n) = -2*n**3 - 20*n**2 - 25*n + 62. Let k be v(-8). Suppose 0 = -3*c - 2*c. Let s = c - -2. What is the highest common factor of s and k?
2
Suppose 5*p - 3119 = -2*l, 530 = p + 72*l - 85*l. What is the highest common divisor of 459 and p?
27
Suppose 52*x - 772650 = -20*x - 81*x. Calculate the greatest common divisor of 150 and x.
50
Suppose -4*g + 121 = 3*k - 55, k - 62 = -2*g. Suppose -91*i + 84*i - z + 266 = 0, -4*z = 5*i - 167. What is the highest common factor of k and i?
13
Let b be 2/(3 + (-33)/9) + -1. Let n be (3/b)/(2*2/(-240)). Let u = n - 43. Calculate the highest common divisor of 16 and u.
2
Let r be ((-106)/(-4))/((-20)/(-520)). Let h = 54 - 1. Calculate the highest common divisor of h and r.
53
Suppose p = 75*p + 105572 - 748928. Calculate the highest common factor of 315 and p.
63
Let p be 31 + -28 + -21 + -8 + 50. Suppose -j = -5*j + 528. Calculate the greatest common factor of j and p.
12
Let o(c) = 3*c**2 + 10*c - 152. Let s be o(-9). Let w = -3 - -6. Let h be (-7 + w - 0 - -137)/s. What is the greatest common factor of 19 and h?
19
Let n(c) = 19 + 11*c + 12 + 48 - 4*c. Let r be n(-9). What is the greatest common divisor of r and 216?
8
Let z(v) = 12*v**3 + 2*v**2 + 3*v + 5. Let b be z(3). Suppose 5*p = 4 + b. Suppose -2*h + 6*h - 32 = 0. What is the greatest common factor of p and h?
8
Suppose 0*z - 46*z = -1288. Let t be (-1)/(-3) - ((-6655)/33 - 8). Calculate the highest common divisor of t and z.
14
Suppose 11*o = -4*o + 285. Suppose -o*l = -66*l + 11844. Calculate the greatest common divisor of 36 and l.
36
Suppose -7*o + 11972 = -i, -4*o - 6*i + 11*i = -6850. Calculate the highest common factor of o and 665.
95
Let f be (-1)/(-3*(-4)/(-180